et n be (-96)/(-10) - (-2)/5. What is the highest common factor of k and n?
10
Suppose -7 = -5*t + 3. Suppose 0 = a - 3*f + t, 4*f = -a - 3*a + 72. Let j = a + -1. Calculate the greatest common factor of 96 and j.
12
Let y(j) = -12*j + 4*j - 10*j. Let c be y(-3). Suppose l - 3*l = -c. Calculate the greatest common factor of 18 and l.
9
Suppose -2*g - 4 = 0, -5*z + 5 = -5*g - 45. What is the highest common factor of 1 and z?
1
Suppose -3*j - 35 = -5*j - 3*u, -3*u - 77 = -5*j. Suppose 5*n = 2*a - 47, 0 = -3*a + 4*n + 4 + 56. What is the greatest common factor of a and j?
16
Let n(i) = 22*i + 7. Let b be n(2). Calculate the highest common factor of 34 and b.
17
Suppose -5*l + 10*l = 105. What is the highest common divisor of l and 231?
21
Let p = -2 + 7. Suppose 2*t = -l + 15, -l + p*t + 34 = 2*l. Let d be ((-18)/(-12))/(1/(-2)) - -29. What is the highest common divisor of d and l?
13
Suppose -3*t + 36 = 3. Calculate the highest common factor of 44 and t.
11
Let f be -8 + 2 + -7 + 7. Let l be (f + 5)*(0 - 24). What is the greatest common divisor of 3 and l?
3
Let y(l) = -2*l**2 + 17*l - 25. Let n be y(5). Suppose -153 = -5*h + g - 0*g, 81 = 3*h + 3*g. What is the greatest common divisor of n and h?
10
Let w = 28 + -8. What is the greatest common factor of w and 50?
10
Suppose 0 = -6*p + p - 20, l + 2*p - 100 = 0. What is the greatest common divisor of 12 and l?
12
Let h(l) = l**2 - 3 + 8*l + 2*l - 6*l. Let c be h(-7). What is the greatest common factor of 45 and c?
9
Let t(i) = -i**2 + 5*i - 4. Let p be t(4). Suppose p*z + 3 = z. What is the highest common factor of 6 and z?
3
Let j be (-36)/(((-16)/(-168))/(8/(-18))). What is the highest common divisor of j and 21?
21
Let i(n) = -3*n - 9. Let d be i(-7). Suppose -1010 = -7*q + 2*q. Suppose -q - 182 = -4*f. Calculate the highest common factor of d and f.
12
Let o(u) = u**2 - 3. Let v be o(16). What is the highest common divisor of 23 and v?
23
Let w be (1 - -3 - 2)/(4/12). Calculate the greatest common divisor of 48 and w.
6
Let m be (-195)/(-6) - (-15)/10. What is the highest common factor of 85 and m?
17
Let o(x) = x**3 - x**2 - 3*x + 3. Let l be o(3). What is the highest common factor of l and 3?
3
Let s be ((-2)/5)/(4/(-20)). Let z be (-222)/(-5) - 6/15. Suppose 5*b = c + z, 7*b + 4*c = 3*b + 16. What is the greatest common factor of b and s?
2
Let y = 12 - 6. Suppose -3*s = -c + 1, -c + y*c - 17 = 3*s. Calculate the highest common factor of 36 and c.
4
Let s(m) = -4*m**3 - m**2 + 2. Let r be 0 - ((-1)/1 + 3). Let v be s(r). Calculate the greatest common factor of 12 and v.
6
Let o = 34 + -159. Let b = 213 + o. What is the greatest common factor of b and 11?
11
Let z be (-2)/2*(-2 - -1). Suppose n + 20 = 5*n - 4*c, 0 = -4*n - 4*c + 12. Let o = n - z. What is the greatest common divisor of o and 2?
1
Let y(r) = 10*r - 10. Let t be y(10). Calculate the highest common divisor of 10 and t.
10
Let j be 424/14 + (-16)/56. What is the greatest common factor of 5 and j?
5
Suppose -570 = -7*l + 4*l. What is the highest common factor of 10 and l?
10
Let t(y) = -13*y. Let p be t(-1). Suppose 0 = 5*h + 2*j - 19, -2*h - j + p = -2*j. Let q = 6 - h. Calculate the greatest common divisor of q and 4.
1
Suppose 2*k = -0*k + 88. Suppose 0 = 4*j + u - 13, 3*u + 4 + 5 = 0. Calculate the highest common divisor of k and j.
4
Let m = 8 + 28. Suppose 15 = f + 11. Calculate the highest common factor of m and f.
4
Let d be 12 - (-4 - (-8)/2). What is the highest common divisor of 48 and d?
12
Suppose -3*i + 129 = 4*v, -3*v = -v + i - 65. What is the greatest common factor of v and 99?
33
Let p be 5/(10/24)*8. Let z(v) = 2*v**2 - v - 9. Let j be z(-3). Calculate the highest common factor of p and j.
12
Suppose -1 = s - 6. Suppose -s*d + 12 = -d. What is the highest common factor of 27 and d?
3
Suppose 3 + 1 = c. Suppose 0 = c*a - 142 + 34. Let o be 20 + 1/((-1)/2). Calculate the greatest common factor of o and a.
9
Let q be 3 - 4 - -17*1. Let x be 452/6*(-1 + 4). Suppose 26 = -5*h + x. Calculate the highest common divisor of q and h.
8
Let m = -3 + 7. Suppose 0 = 3*c + m*w + 11 + 31, -c - 14 = 2*w. Let j be 4/14 - 220/c. Calculate the greatest common factor of j and 2.
2
Let p = 9 - 2. Let a(f) = f**2 + 3*f + 3. Let c be a(-4). What is the highest common divisor of c and p?
7
Let w(u) = u**3 - 3*u**2. Let b be w(3). Suppose -2*j + 2*r + 86 = b, 5*j - 153 = 2*r + 59. Calculate the highest common factor of 6 and j.
6
Let t(w) = -19*w. Let d be t(-5). Let m = -35 + d. Calculate the highest common divisor of 90 and m.
30
Let m(a) = -a**2 + 6*a - 1. Let z(l) = 2*l**2 - 11*l + 1. Let i(d) = 11*m(d) + 6*z(d). Let c be i(-5). What is the greatest common divisor of c and 50?
10
Let a = 197 + -105. Let l be 138/(-4)*2/(-3). What is the highest common divisor of l and a?
23
Suppose -3 + 2 = -i. Let l = 3 - i. Let y = 35 + -19. Calculate the greatest common factor of l and y.
2
Let q(s) = -s**3 + 3*s**2 + s. Let t be q(3). Let h(b) = -2*b**3 + 2*b**2 + 5*b + 1. Let f be h(2). What is the highest common factor of f and t?
3
Suppose -3*v + 2*r - 16 = 0, 0 = -2*v - 2*v - 2*r + 2. Let f be (100/30)/(v/(-3)). What is the highest common factor of 55 and f?
5
Let w = 5 - -99. Suppose 30 = 5*y - 35. What is the highest common factor of w and y?
13
Let r(u) = 2*u**2 + 10*u + 9. Let q be r(-6). Suppose z = -2*z + 81. Let d = z + -13. Calculate the highest common divisor of d and q.
7
Let w be (-4)/10*(-273 + -2). What is the highest common divisor of 22 and w?
22
Suppose 19 = v - 29. Let d = 57 + -41. What is the highest common divisor of d and v?
16
Suppose 3*m + 10 + 5 = 0, -23 = -j + 5*m. Let o be 125 + (j - (-1 - 1)). Let c = -37 + 62. Calculate the highest common factor of c and o.
25
Suppose 73 = -5*u - 7. Let p = u - -38. What is the highest common factor of p and 110?
22
Suppose -3*j + 135 = -3*a, 0*j + 3*j - 4*a - 135 = 0. Let w = -73 + 103. Suppose 0*m - 2*m + w = 0. Calculate the highest common divisor of m and j.
15
Let q be ((-180)/(-48))/(3/60*3). Calculate the highest common factor of q and 275.
25
Suppose 15 + 21 = 6*b. Let x = 4 + b. Calculate the highest common divisor of x and 100.
10
Let h = 5 + -3. Let w be 50/4 - 13/26. Suppose 0 = 2*z - z - 4*l + w, z - 16 = -3*l. What is the highest common divisor of h and z?
2
Let h(z) = z**2 + 12*z - 4. Let v be h(-13). Let x be (-264)/(-21) + v/21. What is the highest common factor of 117 and x?
13
Let x(g) = g**3 - 7*g**2 + 6*g + 3. Let w be x(6). Suppose -k + 8 = -3*k, q = -w*k + 159. Calculate the greatest common divisor of 19 and q.
19
Let a = -11 + 44. Suppose -2*n - 170 = -j + 135, 0 = -2*n - 8. Calculate the greatest common divisor of a and j.
33
Suppose 2*f + 6 = 42. Suppose -102 = -4*r + 2*c, -3*r + 5*c + 53 = -13. Calculate the highest common divisor of f and r.
9
Let j(n) = -n**3 - 5*n**2 + 2*n + 5. Let d be j(-5). Let l = d - -17. Calculate the highest common factor of l and 8.
4
Suppose -5*w = c + 1, -w + 3*c = -c - 4. Suppose -2*o = -w - 2. Calculate the highest common divisor of 3 and o.
1
Let m = 35 - 20. Suppose -2*r = 3*r - 4*d - 38, -2*d = 2*r - 26. What is the highest common divisor of m and r?
5
Let j be 42/(-4) + (-12)/(-24). Let n = 25 + j. What is the greatest common factor of n and 5?
5
Suppose -4*f = 3*i - 71, -32 = -2*i - 2*f + 18. Suppose -4*j + i = -19. Calculate the greatest common factor of j and 30.
6
Let x(m) = 5*m + 8. Let w be x(-7). Let c be w/2*(-12)/18. What is the greatest common divisor of c and 6?
3
Let a be -3 + 7 - (2 - 0). Suppose -o + 3*o + a = x, -2*x - 23 = 5*o. Let j be (-1)/(-4) - 167/x. What is the greatest common factor of 28 and j?
14
Let g = 4 - 0. Suppose 3*k + 2*q + 4 = 0, g = 5*k - q + 2. Suppose b - 4*b - 5*i - 7 = k, 0 = 4*i + 20. Calculate the greatest common divisor of 6 and b.
6
Let n(l) = 5*l - l**2 + 3 + 2*l**2 + 2. Let p be n(-6). Let m = -1 - -12. Calculate the greatest common divisor of p and m.
11
Let a be (0 - 2*-28)/1. Let g be a/(-6)*132/(-8). Let d be (-292)/(-20) - 6/10. What is the highest common divisor of d and g?
14
Let h(f) = 3*f**2 - 8*f + 14. Let u be h(6). Calculate the highest common factor of 111 and u.
37
Suppose 11*c - 7*c - 4 = 0. Let u be c - (-2)/2*0. What is the highest common divisor of u